culate the highest common factor of a and 780.
52
Suppose 6*x - 10*x + 8 = 0. Let w be 6/5*20/(-6). Let d = w + 10. Calculate the greatest common factor of x and d.
2
Let c(p) = 5*p + 18. Let s be c(27). Let j = s - 60. Calculate the highest common factor of 31 and j.
31
Suppose -q + 3*d = -0*d - 6, 0 = q + 5*d - 6. Let g = 65 - 59. Calculate the greatest common factor of g and q.
6
Suppose -30 = -a + 10. Suppose 5*w - a = 5. What is the highest common factor of w and 81?
9
Suppose -14*w = -18*w + 12. Suppose 3*d + u = 26, 3*d - w*u = -5 + 47. What is the highest common divisor of d and 30?
10
Suppose 41 = 7*f - 15. Suppose f*j - 252 = 2*j. Calculate the highest common divisor of j and 28.
14
Suppose 0 = -2*i + 732 - 136. Suppose -h + 2*w + 135 = 0, -h = -3*h - 3*w + i. Calculate the highest common factor of 22 and h.
11
Suppose 16*y - 434 - 174 = 0. Calculate the greatest common divisor of y and 114.
38
Suppose -2*h + 158 = -2*s, -13*h - 397 = -18*h + 3*s. Let v = 6 + 14. Calculate the highest common factor of h and v.
20
Suppose 0 = -5*v - 5*a + 175, -3*a + a = -5*v + 147. Let t(z) = 39*z**2 - 1. Let b be t(-2). Calculate the greatest common divisor of b and v.
31
Let p(d) = -d**3 - 6*d**2 - 28*d - 1. Let z be p(-8). What is the highest common divisor of z and 78?
39
Let w be (6/3)/(4/8). Suppose s + 1 = -w*c, c = -2*s + 4*c + 9. Suppose 27 = 2*n - u - 0*u, -4*n = -s*u - 51. Calculate the highest common divisor of 135 and n.
15
Let w(q) = -24*q**3 + q**2 + q + 1. Let t be w(-1). Let g be (-320)/(-48) + (-2)/(-6). Let d = g + t. What is the greatest common divisor of d and 8?
8
Let p = -682 - -794. Calculate the highest common factor of 96 and p.
16
Let p = 166 - 30. What is the highest common divisor of p and 1088?
136
Suppose -841 + 9 = -26*z. What is the greatest common factor of 2 and z?
2
Let t = -882 - -903. What is the greatest common divisor of t and 9?
3
Let j = -9 + 4. Let u(g) = g + 15. Let v be u(j). Calculate the highest common divisor of v and 2.
2
Let w be 3/(-6) + 819/6. Calculate the highest common factor of 476 and w.
68
Let x be (-10)/(-25)*10/(-2). Let g be 175/15 + x/3. Let f be (-100 + 1)*(-2)/3. Calculate the highest common factor of g and f.
11
Let m(d) = 3*d**2 + 41*d + 336. Let w be m(-8). Calculate the greatest common factor of 275 and w.
25
Let m be 389 - (-12 - -8 - -1)/3. Calculate the greatest common factor of m and 270.
30
Let j be ((-154)/(-77))/(3*(-2)/(-27)). What is the greatest common factor of 204 and j?
3
Let u be 50/(-4)*(-10 - -2). What is the highest common factor of u and 8?
4
Let n(u) = 2*u - 3. Let l be n(-11). Let r be 30/l*(-30)/9. Calculate the greatest common divisor of 4 and r.
4
Let g(h) = -65*h + 11. Let z(u) = -u**2 - 12*u + 17. Let k be z(-14). Let v be g(k). Suppose 3*c - 5*c = -v. Calculate the greatest common divisor of 33 and c.
33
Let t be 2/(12/(-15))*(-868)/35. What is the highest common factor of 93 and t?
31
Let x be (-6*18/8)/((-110)/660). Let v be (-9)/(-2)*(-1 - -3). What is the highest common factor of x and v?
9
Let f = -73 + -82. Let g = -153 - f. Let x be (-4 + 1)/((-1)/6). What is the highest common factor of x and g?
2
Suppose 0 = 3*o - 2*k - 3369, 3170 = 4*o - 4*k - 1318. Calculate the greatest common divisor of o and 75.
75
Let r(s) = s**2 + 13*s - 13. Let a be r(-14). What is the highest common divisor of 3 and a?
1
Let n = -204 + 241. Calculate the greatest common divisor of n and 333.
37
Let f = 463 + -445. Calculate the highest common factor of 9 and f.
9
Suppose -v = -5*u + 8, -u + 16 = 3*v - 6*u. Let d(a) = -a**3 + 9*a**2 + 8. Let w = 28 - 23. Let c be d(w). What is the greatest common factor of v and c?
12
Let s(g) = -g**2 + 24*g + 35. Let i be s(25). Suppose i*c + 655 = 3295. Calculate the greatest common factor of 24 and c.
24
Let y = 102 - 72. Let h be y*(-13)/((-39)/18). Calculate the greatest common factor of h and 45.
45
Let o(b) = 2*b**2 - 60*b + 43. Let g be o(-11). What is the greatest common factor of 140 and g?
35
Let q(r) = r + 7. Let m be q(8). Let d be 8 - (-5 - (-7 + 39)). What is the highest common factor of m and d?
15
Let x(i) = -i**3 + 6*i**2 + 7*i - 5. Let z be x(5). Suppose 0 = -h + 4, h + 29 = 3*j. What is the highest common divisor of z and j?
11
Suppose 15*y - 300 = -10*y. Calculate the greatest common divisor of 32 and y.
4
Suppose -4*k = -45 - 3. Let h be 56/k - (-1)/3. Suppose -2*u = 5*b - 2*b - 34, u = -h*b + 59. What is the greatest common factor of b and 132?
12
Let w(u) = 0*u**3 + u**3 + 2 + 7*u + 15*u - 17*u**2. Let p be w(16). Calculate the greatest common factor of 49 and p.
49
Let n = -16 + -4. Let g(d) = d**3 + 20*d**2 - d - 9. Let f be g(n). What is the highest common factor of 121 and f?
11
Suppose f - 5*d - 19 = -3*d, 2*f - 5*d - 41 = 0. Let w = 154 - 145. Suppose 0 = w*p - f*p + 416. Calculate the greatest common divisor of 13 and p.
13
Let z be (-2)/(-28)*10*35. What is the highest common divisor of z and 175?
25
Let l be 0/(-1) + 3/(-1) + 6. Suppose -a + l*r + 258 = 0, 3*r + 2*r - 1330 = -5*a. What is the highest common factor of a and 33?
33
Let c be 8/44 - 69023/(-253). Calculate the greatest common factor of c and 7.
7
Let d = 2 + 1. Suppose -2*v - 6 = -5*z, d*z - 15 = -3. Let c be 66/11*7/2. What is the highest common divisor of v and c?
7
Let j(u) = -u**2 + 32*u - 116. Let w be j(5). Let y(x) = -x**2 - 5*x - 2. Let r be y(-3). Let k be 837/r + (-2)/8. What is the highest common factor of w and k?
19
Let j be 90/23 + (-78)/(-897). What is the greatest common factor of j and 26?
2
Let i(t) = -2*t**2 - 22*t + 31. Let a be i(-5). Calculate the greatest common divisor of a and 39.
13
Let q = -13 - -37. Let h = q - 14. Let s = 320 + -318. Calculate the highest common factor of h and s.
2
Let o be (-2)/(-3)*-2*3. Let z be 21/4 - o/(-16). Suppose -2*w - 2*a + 6 = -0*a, z*w - 1 = 2*a. What is the highest common factor of 4 and w?
1
Suppose 3*p - 2*x - 156 + 10 = 0, 3*x = -2*p + 93. Suppose r + 2*t + 3*t - p = 0, 0 = -r + 5*t + 48. What is the greatest common factor of r and 6?
6
Let r(o) = -o**2 + 2*o + 1. Let j be r(2). Let g be j/(2*3/84). What is the highest common divisor of 112 and g?
14
Let p be 10/3 - (-1)/(-3). Let i = p - 3. Suppose 5*j + t - 44 = 57, i = t - 1. Calculate the highest common factor of j and 5.
5
Let j(y) = y**3 + 4*y**2 - y + 1. Let l be j(-3). Suppose -17*b + 8 = -l*b. What is the highest common divisor of b and 22?
2
Let n(i) = 10*i. Let w be n(1). Let g(b) = -2*b**3 - 6*b**2 - 8*b - 4. Let z be g(-4). Let s = 65 - z. Calculate the greatest common factor of w and s.
5
Let t(o) = 8*o + 100. Let m be t(-3). Let a = 41 + -22. What is the highest common divisor of a and m?
19
Let k = -924 - -990. What is the highest common factor of k and 561?
33
Let i(q) = 121*q**2 + 22*q + 21. Let z be i(-1). What is the highest common divisor of z and 6?
6
Let o = -98 - -137. Suppose -3*y = -69 + 12. Let u = o - y. Calculate the highest common factor of u and 4.
4
Let v be 220/18 - (-22)/(-99). Suppose 3 = -f, t + 3*f - 2*f = v. Calculate the greatest common divisor of 120 and t.
15
Suppose -16*m + 291 + 381 = 0. What is the greatest common divisor of m and 126?
42
Suppose -144 = -k - 3*k. Let v = -19 + k. Let r = -349 - -502. What is the greatest common divisor of v and r?
17
Suppose 5*b - 2*l + 6*l = -146, b + 29 = -l. Let i = b - -31. Calculate the highest common factor of i and 2.
1
Suppose 3*y - 11 = -3*w + 4*w, -3*y - w = -19. Suppose y*v - 831 = -4*i, -v - i + 3 = -163. Let l = v - 104. Calculate the highest common factor of 7 and l.
7
Suppose t + 4*b = -0*b + 13, 3*b = 0. Let m be t*(-1 - 0)*5. Let l = -25 - m. What is the highest common factor of l and 100?
20
Let i = -90 - -114. Let a(f) = 4*f - 54. Let n be a(i). Calculate the highest common factor of n and 63.
21
Let a = 387 + -309. Calculate the highest common factor of a and 117.
39
Let i be 1/(4/252*3). What is the greatest common factor of 84 and i?
21
Suppose -5*r = -25 + 15. Let g be (-6)/(-2) + (1 - 1). Let c be -2 - (-1 + g + -5). Calculate the greatest common divisor of c and r.
1
Suppose -b = 6*b - 490. Let q = -303 + 331. What is the greatest common factor of b and q?
14
Let j(k) = -64*k - 1. Let u = 14 - 14. Let x = u - 1. Let v be j(x). 